 + 16. Let m be o(-11). Suppose c + 5 = -y, 2*y + 2 = -4*c - m. What is d(y)?
10
Let g(x) = -x**2 - x + 5. Let d be g(0). Suppose -5*c - d = -2*f, -2*f - c = c + 2. Let o(n) = 2*n + 0*n + 3*n - 4*n + 9. What is o(f)?
9
Let w(v) = 3*v - 3. Let g(z) = -35*z + 23*z + 13*z - 2. Let l(p) = -5*g(p) + 3*w(p). Give l(2).
9
Let m(c) = -2*c**2 + 19*c - 24. Let s be m(13). Let w = s - -114. Let d(h) = 11*h**2. What is d(w)?
11
Let l(s) be the second derivative of 0 - 27*s - 1/12*s**4 - 7/2*s**2 + 1/6*s**3. Give l(0).
-7
Let r(h) = -27*h**2 - 2*h - 1. Let l be -5 - -6 - 104 - 0. Let k = l + 102. Calculate r(k).
-26
Let h(f) = 13*f**2 - 10*f + 8. Let r be ((-286)/(-78))/((-2)/(-6)). Let u(b) = -7*b**2 + 5*b - 4. Let t(n) = r*u(n) + 6*h(n). What is t(3)?
-2
Let k(w) = -w**3 - 7*w**2 - 5*w + 6. Let f = -106 + 121. Let t be ((-4)/5)/(2/f). What is k(t)?
0
Suppose 29*x = 17*x + 96. Let w(z) = z**3 - 7*z**2 - 7*z - 4. What is w(x)?
4
Let u(v) = 18*v - 2*v + 13 - v - 8*v - v**2. What is u(9)?
-5
Let z(h) = -h - 3. Suppose -31 = 5*w + 89. Let c = w + 20. Calculate z(c).
1
Let v(l) be the third derivative of l**6/120 + l**5/30 - l**4/24 + l**3/6 - 22*l**2 - 6. Give v(-3).
-5
Let o(i) be the second derivative of -5/6*i**3 + 0 - 1/2*i**2 + 13*i. Let r = -4 + 6. Give o(r).
-11
Let l = 82 - 79. Let f(u) = u**3 + 27*u**2 - 22*u**2 - 3 + 0*u**l. Determine f(-5).
-3
Let c = -8 - -11. Let w(z) = -5*z**2 - 2*z - 9. Let i(l) = 8*l**2 + 3*l + 16. Let n(j) = 3*i(j) + 5*w(j). Determine n(c).
-9
Let k(n) be the third derivative of 0 + 4*n**2 - 1/2*n**3 - 1/4*n**4 - 1/60*n**5 + 0*n. Determine k(-5).
2
Suppose -4*j = 2*q + 2, -4*q + 2*j - 14 = -0*q. Let p(b) = -b**2 + 4. Let m(s) = -s**2 + 4. Suppose -2*k - 14 = -2. Let f(r) = k*m(r) + 7*p(r). What is f(q)?
-5
Let h(v) be the first derivative of 7*v**2/2 - 2*v + 23. Give h(-2).
-16
Let u(x) = -10*x**2 + x. Suppose 0 = -2*k - 3*h - 6, -2*k - 10 = 5*h. Let t = 11 + k. Suppose 5*y + t = 6. Determine u(y).
-11
Suppose 2*n = k - 6, 3*k = 4*n + 5*n + 27. Let b(w) be the third derivative of -w**6/120 + w**5/60 + w**4/24 - 5*w**3/3 + w**2. Determine b(k).
-10
Let b = -7 + 8. Suppose -2*m + 2*w - 2 = 0, 3*w + 3 = -2*m + b. Let v(a) = -11*a - 1. Determine v(m).
10
Let u(h) be the third derivative of h**4/24 - h**3 - 5*h**2. Let s be u(12). Let g(w) = -w**3 + 6*w**2 - w + 6. What is g(s)?
0
Let m(p) = p - 1. Let z be 5*(2/(-4) - 1/2). Give m(z).
-6
Let s(m) be the second derivative of -2*m**2 - 1/12*m**4 + 1/3*m**3 + 13*m + 0. Determine s(3).
-7
Suppose 3*y = 7*y - 8. Let b(l) = -2*l + 1 + 56*l**2 + 1 - 53*l**y + l**3. Let h be 11/(-2) + 21/14. What is b(h)?
-6
Suppose 2*n = 4*n. Let q(s) = -109*s**2 - 8*s + 4. Let t(u) = -68*u**2 - 5*u + 3. Let x(p) = 5*q(p) - 8*t(p). Determine x(n).
-4
Let f(r) = 18*r - 60*r + 20*r + 20*r. Suppose -3*s = -0*s. Let p = s - 2. Calculate f(p).
4
Let f(g) be the third derivative of g**6/120 + g**5/20 - g**4/12 + 13*g**2. Let s be (-1)/(1/(1 + 3)). What is f(s)?
-8
Let r(n) be the first derivative of -n**6/360 + n**5/15 - 7*n**4/24 + 2*n**3/3 + 6. Let p(z) be the third derivative of r(z). What is p(8)?
-7
Let r = -8 + 12. Suppose 4*m - r = 4. Let w(i) = 2*i + 0*i + m + 1 - 2. Determine w(-4).
-7
Let p(o) = -13*o - 55 + 12*o + 56. Let w be (3 - 3) + 0 + -8. Let c = -5 - w. Calculate p(c).
-2
Let d(b) = 3*b**3 + 15*b**2 - 13*b - 5. Let y(p) = -p**3 - 5*p**2 + 4*p + 2. Let a(f) = -4*d(f) - 13*y(f). What is a(-2)?
6
Let d(h) be the third derivative of -12*h**2 + 1/6*h**3 + 0*h + 0 - 1/12*h**4. Determine d(5).
-9
Suppose 2*c - 148 = 130. Let s(a) = 1 - a + 130*a**2 - c*a**2 - 9 - a**3. Calculate s(-9).
1
Let l(z) = 7*z - 1. Let q = 567 + -568. Calculate l(q).
-8
Let v(w) be the third derivative of -1/8*w**4 - 7*w**2 + 0*w + 0 + 1/6*w**3. Let b = 26 - 24. Give v(b).
-5
Let b(u) = -2*u + 13. Let o be b(4). Let x(w) = -w**3 + 5*w**2 + 5. Calculate x(o).
5
Let q(f) = 6*f + 1 + 2 + 2*f**2 - f**2. Let l = 252 + -258. What is q(l)?
3
Let j(t) = -22*t - 2. Let a(n) = 6*n. Let z(o) = 3*a(o) + j(o). Let f(v) = -2*v + 3. Let p be f(3). Determine z(p).
10
Let u(c) be the second derivative of c**4/12 + c**3/6 + c**2/2 + c. Let h = 21 + -19. Suppose -4*w - h*b - 16 = 0, 10 = -3*w - w + b. What is u(w)?
7
Let h(j) = -j**3 - 3*j**2 + 4*j. Let o be h(-4). Suppose -t - 3*t = -m + 20, -m + 3*t + 15 = o. Let p(z) = z**2 + 13. Calculate p(m).
13
Let z(g) be the third derivative of 0*g + 0 - 10*g**2 - 1/12*g**4 + 13/6*g**3. Let y be (180/50)/(2/5). Give z(y).
-5
Let z(w) = -5*w - 10 + 8*w**3 - 1380*w**2 + 1373*w**2 - 9*w**3. Determine z(-7).
25
Let x be (-209)/44 - (-3)/4. Let a(b) be the second derivative of b**3/6 - b**2/2 - b + 27. Determine a(x).
-5
Let t(y) be the second derivative of y**7/2520 - y**6/80 + y**5/40 + 3*y**4/4 + y**3/6 + y - 2. Let s(v) be the third derivative of t(v). Determine s(5).
-17
Let t(p) = -p**3 + 3*p**2 - 5. Let i be ((-15)/13 - (-10)/65)*-3. Calculate t(i).
-5
Suppose 5*g - 3*z + 4*z - 18 = 0, 0 = 2*g + 5*z - 21. Suppose g = -f + 6. Let j(n) = -8 + 5 + 4*n**2 - f*n**2 - 1. What is j(3)?
5
Let a(y) = 36*y**2 + y + 3. Let v be a(-1). Let m be v/(-9) - (-6)/27. Let g(b) = b**2 + 4*b + 6. What is g(m)?
6
Let o be (1/(-2))/(5/10). Let k = o + 2. Let d(h) = h**3 - h**2 - 2*h + 1. Determine d(k).
-1
Let g = 11 + -13. Let p be (3/g)/(5/(-10)). Let a(h) = -p*h**2 + 5*h**2 + 7*h - 3*h - 2*h. Determine a(2).
12
Let n(a) be the third derivative of a**5/60 - a**4/4 - 17*a**3/6 + 19*a**2. Let z(f) be the first derivative of n(f). Give z(4).
2
Suppose -5*n - 9 - 6 = 0. Let p(j) = j**2 + j + j**3 - 3*j + 775 - 776. What is p(n)?
-13
Let b = -27 - -20. Let a(i) = i - 1. Let z(d) = -3*d - 9. Let o(q) = a(q) + z(q). Give o(b).
4
Let b(z) = 26*z**3 + 24*z**3 + 10*z**3 - 48*z**3 - 3 + 2. Let y(p) = -p**2 - p - 1. Let m be y(-1). Determine b(m).
-13
Suppose 0 = -56*u + 58*u - 80. Let i(h) = -78 - 7*h - h**2 + 38 + u. Determine i(-5).
10
Let v be (2/12)/((-2)/(-6))*12. Let p(g) = 2*g + g**2 + 1 + 2 - v*g**2. Calculate p(-2).
-21
Let o(s) be the second derivative of -7*s**3/3 + 22*s**2 - 783*s. Calculate o(3).
2
Let r(f) be the third derivative of -f**6/120 + 5*f**5/12 - 23*f**4/24 - 29*f**3/6 - f**2 + 7. Determine r(24).
-5
Suppose 6 = -3*d - 3. Let u be (7/d + 3)*21. Let h = u - 16. Let a(o) = 3*o. Calculate a(h).
-6
Let r = 18 - 19. Let n(m) = -2*m + 0 + 1 + 4*m - 3*m. Give n(r).
2
Let d(c) = 2*c + 14. Let p(j) = -j - 14. Let u(z) = -2*d(z) - 3*p(z). Determine u(14).
0
Let m(s) = -15*s**3 - s**2 - 2*s - 1. Suppose -10*d - 36 = 26*d. Give m(d).
15
Let n = 388 + -384. Let f(l) be the third derivative of -3*l**2 + 0 + 1/10*l**5 + 1/6*l**n - 7/6*l**3 + 1/120*l**6 + 0*l. Determine f(-5).
-2
Let s(a) = -a**2 + a - 11. Let b(p) = 2*p**2 - 2*p + 23. Let u(r) = -6*b(r) - 13*s(r). Let v(n) = -11*n - 27. Let k be v(-8). Let l = 61 - k. Determine u(l).
5
Let i(g) = -3*g + 5. Let o be i(0). Let l(u) = 0*u - 4 - u**3 + o*u + 0*u + 2*u**2. Let f = 9 + -6. What is l(f)?
2
Suppose 1 + 2 = t. Let k(g) = g**t + 1 + 0*g**2 - 5*g - 2 + g**2 - 3. Suppose 3*q + 2 = -7. Give k(q).
-7
Let u(m) = 5*m - 24. Suppose -294 = -61*n + 19*n. Determine u(n).
11
Let v(l) = -8*l + 27. Let r(i) = -11*i + 27. Let n(s) = 3*r(s) - 4*v(s). What is n(-17)?
-10
Let s(g) = 6*g**3. Let u be s(-1). Let t(n) be the first derivative of -n**2 - 5*n + 24. Let p(h) = h + 6. Let o(v) = u*t(v) - 5*p(v). What is o(-1)?
-7
Suppose -12 = -4*c + 2*c. Let z(o) = -5*o**2 - 6*o - 5. Let n(p) = 9*p**2 + 11*p + 9. Let u(r) = c*n(r) + 11*z(r). Suppose 0 = -2*h - 0*h. Give u(h).
-1
Suppose -4*i + 16 = 0, 0*u + u + 13 = 4*i. Let d(l) = -l**2 + 2*l - 3 - 3*l**2 + 3*l**2 + u*l. Suppose 13 = -3*f + 5*g + 2, -2*f = g - 10. Determine d(f).
3
Let w(l) = 8*l - 1 - 7*l**2 - 43760*l**3 + 7 + 43759*l**3. Calculate w(-8).
6
Let w(l) be the second derivative of l**4/12 - 5*l**3/6 + 5*l**2/2 + 4*l. Let b be w(5). Let j(f) = -3*f - 4 + b*f + 2 - 1. Determine j(-3).
-9
Let k(n) = -n**2 + 3*n - 5. Let p = 24 + -25. Let w be (2 + -2 + -2)*2/p. Determine k(w).
-9
Let o(j) = j**2 - 4*j. Let r(d) = -9*d + 9. Let v be r(5). Let a = v - -39. Calculate o(a).
-3
Let n(j) = -j**3 + 3*j**2 - 2*j + 2. Suppose -80 = -3*h + 5*z, h - 5*z - 37 = 3. Let g be 5/h + 7/4. Give n(g).
2
Let v be (-186)/14 + (-4)/(-14). L